nd 180?
45
Calculate the greatest common divisor of 4155717 and 597.
597
Calculate the highest common divisor of 4516 and 7804.
4
What is the highest common divisor of 10233 and 54?
27
Calculate the highest common divisor of 623610 and 360.
90
Calculate the highest common factor of 104 and 839376.
8
Calculate the greatest common factor of 3 and 10056.
3
What is the greatest common divisor of 868584 and 144?
24
Calculate the highest common factor of 8 and 3568.
8
What is the greatest common factor of 256 and 116?
4
Calculate the greatest common factor of 260 and 38636.
52
Calculate the greatest common divisor of 5796 and 28773.
207
Calculate the highest common factor of 36 and 190176.
12
What is the greatest common divisor of 39 and 108303?
39
Calculate the highest common divisor of 544264 and 280.
56
Calculate the highest common factor of 2004 and 24.
12
What is the greatest common divisor of 4453 and 18971?
61
What is the greatest common factor of 64260 and 405?
135
Calculate the highest common factor of 7301 and 343.
49
Calculate the greatest common divisor of 153 and 101925.
9
What is the highest common divisor of 30629 and 2529?
281
What is the greatest common divisor of 186872 and 40257?
497
What is the greatest common divisor of 1026 and 29089?
19
What is the highest common factor of 4473 and 153?
9
Calculate the highest common divisor of 1199160 and 50.
10
Calculate the highest common divisor of 1456 and 808444.
364
What is the highest common divisor of 80746 and 282?
94
Calculate the highest common factor of 91 and 19187.
7
Calculate the highest common divisor of 303729 and 8129.
739
Calculate the highest common divisor of 101 and 2716799.
101
What is the highest common divisor of 27 and 47511?
9
Calculate the highest common factor of 1541 and 36381.
67
Calculate the greatest common divisor of 1628 and 45362.
74
What is the greatest common factor of 12684 and 112?
28
Calculate the highest common divisor of 119060 and 40.
20
Calculate the highest common factor of 882 and 15426.
18
Calculate the highest common divisor of 1147 and 829503.
37
Calculate the greatest common factor of 33 and 72435.
33
What is the greatest common factor of 404 and 4833658?
202
What is the highest common divisor of 1059 and 6280929?
1059
Calculate the highest common divisor of 68056 and 5068.
724
What is the greatest common divisor of 87 and 79431?
87
What is the greatest common divisor of 1509 and 345058?
503
Calculate the greatest common factor of 20762 and 98.
14
What is the highest common factor of 1242 and 272343?
69
Calculate the highest common factor of 40 and 412520.
40
Calculate the highest common factor of 160 and 24760.
40
Calculate the greatest common factor of 1674 and 50406.
186
Calculate the highest common divisor of 57 and 437.
19
What is the greatest common factor of 1170 and 2160?
90
Calculate the greatest common divisor of 13868 and 8.
4
Calculate the highest common divisor of 35 and 27.
1
Calculate the greatest common divisor of 36193 and 3621.
17
What is the highest common factor of 297 and 1413?
9
Calculate the highest common factor of 8544 and 552.
24
Calculate the highest common factor of 4268 and 121.
11
What is the highest common factor of 3384 and 42108?
12
Calculate the highest common divisor of 2016 and 2560.
32
What is the highest common divisor of 510 and 3350?
10
What is the greatest common divisor of 780896 and 368?
368
What is the greatest common factor of 1199272 and 8?
8
What is the greatest common divisor of 6512 and 3113?
11
Calculate the greatest common factor of 616754 and 678.
226
Calculate the highest common divisor of 2032 and 11938.
254
What is the greatest common divisor of 831 and 16?
1
What is the greatest common divisor of 57 and 873753?
57
Calculate the greatest common divisor of 10892 and 308.
28
What is the highest common factor of 192 and 8088?
24
Calculate the highest common divisor of 11592 and 105.
21
Calculate the greatest common factor of 657580 and 32452.
1708
Calculate the greatest common divisor of 84 and 157332.
84
What is the greatest common divisor of 32 and 7472?
16
Calculate the greatest common factor of 76709 and 158.
79
Calculate the highest common factor of 20672 and 13736.
136
What is the greatest common divisor of 173046 and 3?
3
Calculate the highest common factor of 7622385 and 15.
15
What is the highest common divisor of 295815 and 592?
37
Calculate the greatest common divisor of 13568 and 2432.
128
Calculate the greatest common divisor of 2 and 338354.
2
Calculate the greatest common divisor of 19995 and 88365.
645
Calculate the highest common divisor of 2457234 and 26.
26
What is the greatest common factor of 429266 and 142?
142
What is the highest common divisor of 314 and 223411?
157
Calculate the highest common factor of 417231 and 7272.
909
What is the greatest common factor of 1521 and 348647?
169
What is the greatest common factor of 534 and 29726?
178
What is the highest common divisor of 744785 and 5?
5
What is the highest common factor of 98810 and 2870?
410
What is the highest common divisor of 40845 and 21006?
1167
Calculate the greatest common factor of 70 and 136766.
14
Calculate the greatest common factor of 9637 and 5221.
23
What is the greatest common factor of 69 and 501?
3
Calculate the greatest common divisor of 12 and 291759.
3
What is the highest common divisor of 21 and 6144?
3
What is the highest common factor of 4345 and 34523?
79
Calculate the highest common factor of 20 and 1209750.
10
What is the greatest common factor of 350 and 14825?
25
What is the highest common factor of 63585 and 6885?
405
What is the highest common factor of 13496 and 5543?
241
Calculate the highest common divisor of 205 and 6191.
41
Calculate the highest common factor of 8554 and 69043.
611
Calculate the greatest common divisor of 759170 and 1335.
445
Calculate the highest common factor of 46 and 52279.
23
What is the highest common factor of 71830 and 108398?
1306
What is the greatest common factor of 7409 and 4063?
239
What is the highest common factor of 150885 and 210?
105
What is the highest common factor of 640 and 370?
10
What is the highest common factor of 4202094 and 17?
17
What is the highest common divisor of 4998 and 4150006?
1666
Calculate the highest common factor of 2023 and 3451.
119
Calculate the greatest common factor of 4011 and 654366.
573
Calculate the greatest common divisor of 432 and 67932.
108
Calculate the greatest common factor of 266 and 431414.
38
What is the highest common factor of 6110 and 30?
10
What is the highest common factor of 9449 and 231?
11
What is the greatest common factor of 1253486 and 1924?
962
What is the greatest common factor of 552496 and 560?
112
What is the greatest common divisor of 503 and 199691?
503
Calculate the highest common factor of 4308 and 24.
12
What is the greatest common factor of 262728 and 96?
24
What is the highest common divisor of 234 and 6201?
117
Calculate the greatest common factor of 8700 and 18.
6
Calculate the greatest common divisor of 12850 and 100.
50
What is the highest common factor of 1250 and 165250?
250
What is the highest common factor of 711 and 616200?
237
Calculate the highest common factor of 6188 and 9542.
26
What is the highest common divisor of 612 and 3132?
36
Calculate the highest common factor of 6 and 37545.
3
What is the highest common divisor of 923 and 7242?
71
Calculate the highest common divisor of 145 and 17603.
29
What is the greatest common divisor of 4757 and 4422?
67
What is the greatest common divisor of 21 and 1659?
21
Calculate the greatest common divisor of 595 and 34160.
35
What is the highest common divisor of 78 and 231699?
39
What is the highest common factor of 1336 and 72?
8
Calculate the highest common divisor of 728 and 6097.
91
What is the highest common divisor of 6 and 623878?
2
Calculate the greatest common factor of 60 and 7196910.
30
Calculate the highest common divisor of 564 and 53439.
141
Calculate the greatest common factor of 162912 and 32.
32
What is the greatest common divisor of 12 and 513848?
4
Calculate the highest common factor of 400 and 1810.
10
What is the highest common factor of 150 and 2580?
30
What is the highest common divisor of 300 and 5